2 + 7*x + 1. Let w be n(3). Suppose -f - 2*p + w = 0, 0 = 2*f - 3*p - 713 + 168. What is the tens digit of f?
7
Let m = 18745 + 15753. What is the hundreds digit of m?
4
Suppose 18*y + 39*y + 6*y = 1891890. What is the units digit of y?
0
Let j(o) = o**3 - 9*o**2 + 24*o + 1. Let r be j(6). Let l = 46 + r. What is the units digit of l?
3
Let d be 30/60 - (-69)/6. What is the units digit of d/(-72) + ((-4262)/12)/(-1)?
5
Let r(s) = s**2 - 3*s - 11. Let v be r(9). Let y = v - 37. Suppose -h + 1862 = y*h. What is the tens digit of h?
6
Let w = -3377 - -87. What is the tens digit of w/(-6) - 8/(-12)?
4
Let f = 46182 - 4926. What is the hundreds digit of f?
2
Let z(r) = -7286*r - 285. What is the thousands digit of z(-3)?
1
Let s = -9299 + 23612. What is the ten thousands digit of s?
1
Let t = -37 - -199. Suppose -3*o + 4*y = 9*y - 180, 3*o - t = y. What is the units digit of o?
5
Suppose -5*w + 114 = -6. Let l(z) = -11*z - 19. Let x(m) = 33*m + 58. Let s(u) = -7*l(u) - 2*x(u). What is the units digit of s(w)?
1
Let v(q) = q**2 - 10*q - 9. Let n be v(11). Suppose n*f - 1112 = -2*p, 2639 - 394 = 4*p - 3*f. What is the units digit of p?
9
What is the tens digit of (-1188)/(-2574) - 79450/(-13)?
1
Let r be 9/36 + (-15)/(-4). Suppose 290 = 2*n + t - 4*t, -687 = -5*n - 2*t. Suppose g = -r*v + 47, -5*v - n = -5*g - v. What is the units digit of g?
1
Let i = -2593 + 17515. What is the tens digit of i?
2
Suppose -19*a + 5376759 = 194*a. What is the units digit of a?
3
Suppose 0*y + 9873 = 4*y + 5*k, -k = 3*y - 7413. Let c = y + -1687. What is the tens digit of c?
8
Let j(u) = 18*u**2 + u + 14. Let d be j(-6). Suppose 4*f = 4*g + d, -2*f + 4*g - 122 = -454. Let o = f - 71. What is the tens digit of o?
9
Let i(c) = -3*c**3 + 3*c - 2. Let u be i(1). Let a = u + 6. What is the units digit of 710/8 - (-1)/a?
9
Let t(d) be the third derivative of -d**4/6 - 13*d**3/3 + 5*d**2. Let v be t(-9). Suppose -480 = -v*i + 5*i. What is the units digit of i?
6
Let i = 19536 + -10524. What is the thousands digit of i?
9
Let o(f) = 6*f + 8. Let p(w) = -w**3 + 7*w**2 + 5*w - 6. Let q be p(8). Let d = -23 - q. What is the tens digit of o(d)?
5
Let d = 185 - 181. Suppose d*g + 2*a - 104 = 0, 3*a - a - 129 = -5*g. What is the tens digit of g?
2
Suppose 27 = 5*c + 17. Suppose -2*f + 6 = 3*z - 10, -5*z = -c*f. What is the units digit of 3 - f - -1*86?
4
Let q = 33 + -29. Suppose q = j - 0*s + 5*s, 3*j + 4*s = 23. What is the units digit of (-2 + 1)*(-21 + (j - 3))?
5
Let n(p) = 8065*p - 924. What is the tens digit of n(2)?
0
Suppose 49*b - 13424 = 9165. Suppose 40*o = b + 23499. What is the hundreds digit of o?
5
Suppose 39141 = 6*u + 24423. What is the hundreds digit of u?
4
Suppose 19*x - 44691 = 13810. What is the hundreds digit of x?
0
Suppose 836060 = 13*i + i + 20*i. What is the units digit of i?
0
Let p(l) = -l**3 - 41*l**2 + 71*l - 65. Let h be p(-43). Suppose -2*z = -14*x + 12*x - 1110, z + 4*x = h. What is the tens digit of z?
6
Let p be (-2)/(-5) - (-5 + (-792)/20). What is the hundreds digit of 17225/p - (-8)/36?
3
Let t(f) = 53*f**2 - f + 1. Let u be t(1). Suppose 1635 = 26*q + 361. Let g = q + u. What is the tens digit of g?
0
Let x be 9/(-15)*-5 - 235. Let y = -227 - x. What is the units digit of y?
5
Let p = 3196 - 2084. What is the thousands digit of p?
1
Suppose 26*p - 3*s - 319338 - 849911 = 0, 0 = 2*s + 2. What is the hundreds digit of p?
9
Let z(p) = 4762*p - 457. What is the thousands digit of z(11)?
1
Suppose 83*a - 78*a - 35 = 0. What is the tens digit of 2 - (-40)/(-28) - (-472)/a?
6
What is the thousands digit of ((-2652)/10)/(-2*(-10031)/(-1820) + 11)?
1
What is the thousands digit of (7/(-35))/((-5)/(-2) + 278154/(-111260))?
5
Let l(w) = -2*w + 104. Suppose 0 = 9*t - 127 - 8. What is the tens digit of l(t)?
7
Let v = 130 + -121. What is the tens digit of v/6 - 5/(-10)*855?
2
Let q = 5596 - -1667. What is the tens digit of q?
6
What is the units digit of 23120*4/(-88)*-11?
0
Suppose 19*c + 141050 - 468665 = 87193. What is the units digit of c?
2
Let u = -11547 + 37148. What is the tens digit of u?
0
Suppose 5*y + 26 = 101. Let k = y + -11. Suppose 0 = 3*r - 12, 37 = -k*s - 5*r + 105. What is the tens digit of s?
1
Let u = 63967 - 41297. What is the thousands digit of u?
2
Let a(k) = -35*k - 245. Let v be a(-6). What is the hundreds digit of 18195/105 + (-25)/v?
1
What is the ten thousands digit of (7 + -3)*(-1)/16 + 159402/8?
1
Let i(k) = -k**3 + 11*k**2 + 37*k + 1. Let c be i(12). Let a = c + -171. What is the units digit of a?
0
Let a(h) = 7*h + 101. Let f = -90 - -81. What is the tens digit of a(f)?
3
Let w = 92 - 110. Let l = 15 + w. Let c(t) = -14*t + 12. What is the units digit of c(l)?
4
Suppose 33542 = 2*t + 5*d - 15521, t = 5*d + 24554. What is the thousands digit of t?
4
Let u = 13184 - 23435. What is the hundreds digit of (u/27)/(1/(-3))?
1
Suppose c + 2*h = 14, c + 5*h - 40 = -2*c. Let w be c*15/(-20)*2/(-3). Suppose -878 = -4*b - m, 2*b - 3*m = w*b - 654. What is the tens digit of b?
2
Let l = 17222 + -2036. What is the tens digit of l?
8
Let t(w) = -w**2 + 11*w - 9. Let c be t(8). Suppose 0*z + c*z = 1470. What is the units digit of z?
8
Suppose -10 = -5*p - 5*y, -4*y = -2*p - 0 - 2. Let q = 142 + -52. Let s = p + q. What is the tens digit of s?
9
Let p = 3497 - 1703. Let s = p - 686. What is the units digit of s?
8
Let d(g) = 331*g - 4059. What is the hundreds digit of d(53)?
4
Let n be ((-33)/(-9) + -4)*(-2 - -11). Let q(m) = 88*m**2 - 4*m - 25. What is the hundreds digit of q(n)?
7
Let a(u) = -21*u**2 + 15*u + 66. Let v be a(-8). Let b = v - -2540. What is the hundreds digit of b?
1
Suppose -184*g = -187*g - 18. Let o(v) = -6*v**3 - 5*v**2 - 6*v - 50. What is the hundreds digit of o(g)?
1
Let g(q) be the second derivative of -q**5/20 - 3*q**4/4 + 11*q**3/6 + 2*q**2 - 4*q. Let r be g(-10). What is the tens digit of (28/r)/((-1)/9)?
4
Let w = 643 - 1. Let h = 310 - 307. Suppose 6*o - o + y - w = 0, 3*o - h*y - 378 = 0. What is the tens digit of o?
2
Suppose 0 = 6*o + 5*o - 22407. Suppose 0 = -0*f + 7*f - o. What is the hundreds digit of f?
2
Let d = 380 + 378. Let w = d - 230. What is the units digit of w?
8
Let c = 18948 - 18954. Let n(s) be the first derivative of s**4/4 + 7*s**3/3 - 5*s**2/2 - 3*s - 1. What is the units digit of n(c)?
3
Let r(v) = -12*v - 14. Let z be r(4). Suppose -146 - 38 = -2*w. Let c = z + w. What is the tens digit of c?
3
Suppose 848*y - 864*y + 915680 = 0. What is the tens digit of y?
3
What is the tens digit of (24/54)/(518/(-111)) - (-1850102)/21?
0
Let l(a) = -a**3 + 41*a**2 - 61*a + 210. What is the thousands digit of l(29)?
8
Suppose -50*w - 2036 = 16464. Let q = w - -436. What is the units digit of q?
6
Let i(x) = 9*x - 11 - 14 - 2. Let g be i(-4). Let m = g - -67. What is the units digit of m?
4
Let h(m) = -8*m - 20. Let v be h(-13). Suppose -46 = 4*w + 138. Let c = v + w. What is the tens digit of c?
3
Let y(r) = 4*r**3 - 59*r**2 + 21*r - 39. What is the units digit of y(16)?
7
Let v(q) = q**3 + 5*q**2 + q - 9. Let w be v(-4). Suppose -r + 5*j = -27, w*r - 13 = -4*j + 2*j. Suppose r*h = -236 + 866. What is the tens digit of h?
9
Let i be (-11)/3 - ((-286)/(-39))/(-11). What is the thousands digit of (-571)/(-3*i/(-18))?
1
Suppose -1898 = -3*q - 2*w + 771, 16 = -2*w. What is the tens digit of q?
9
Let y = 12562 - 6995. What is the thousands digit of y?
5
Suppose -58*p + 19*p = 18*p - 3601203. What is the ten thousands digit of p?
6
Let d(w) = 341*w + 9638. What is the hundreds digit of d(75)?
2
Suppose 0 = -19*o + 34 - 53. Let t(i) = 2*i - 32*i + 1 - 3. What is the units digit of t(o)?
8
Let l(h) = -8*h - 22. Let v be l(-3). Suppose 2*c + 6*k = 2*k + 16, v*c = k + 21. Let m(i) = i**2 + 4*i. What is the hundreds digit of m(c)?
1
Let n = -41 - -42. Let z(k) = 2*k**2 + 2*k. Let q be z(n). What is the units digit of (1 + 29 - -4)/(q/22)?
7
Let s be -13 - -15 - (-1 + (-3)/(-3)). What is the hundreds digit of (s - 712/(-6))*6/4?
1
Suppose -v = -153 + 50. Let g = v + 28. What is the hundreds digit of g?
1
What is the ten thousands digit of (-2 + 2 + (-24)/(-16))/((-168)/(-3961664))?
3
Let u(f) = 2*f + 1. Let w = 42 - 42. Let d be u(w). Let k(n) = 57*n**3 + n**2 - 1. What is the units digit of k(d)?
7
Let h = 